is the remainder when a(7) is divided by 28?
27
What is the remainder when 1*449/(2*(-8)/(-80))*9 is divided by 167?
165
Let w(l) = l**2 + 5*l - 11. Let d(b) = -2*b**2 + 1. Let j be d(2). Calculate the remainder when 4 is divided by w(j).
1
Suppose 3*f + 5*u + 14 - 263 = 0, -159 = -2*f - u. Calculate the remainder when 1013 is divided by f.
77
What is the remainder when (557 - 566)/(1 + (-802)/796) is divided by 1162?
32
Let j(v) be the second derivative of 2*v**3/3 + 61*v**2/2 + 26*v. Calculate the remainder when 62 is divided by j(-10).
20
Let w(t) be the second derivative of 7*t**4/12 + 5*t**3/3 - 29*t**2 - 64*t. Calculate the remainder when w(6) is divided by 26.
20
Let z(u) = -2*u + 17. Let n be z(7). Suppose -4*i + n*d + 76 = -2*i, d = 4. Let g = 74 - i. Calculate the remainder when g is divided by 8.
6
Let d = -3172 - -3295. What is the remainder when d is divided by 21?
18
Let g(n) = -8*n - 9. Let c = -29 - -20. Let o(y) = -16*y + 11. What is the remainder when o(c) is divided by g(-6)?
38
Suppose -14*r + 1698 - 410 = 0. Suppose -3*z + 219 = 5*t, 4*z = 2*t + 3*z - r. What is the remainder when 82 is divided by 1/(-9) - (-770)/t?
14
Suppose -8*n = 11487 - 11879. What is the remainder when 3/(-9) + 320/6 is divided by n?
4
Let o(l) = -l**3 - 12*l**2 + 23*l + 17. Let g be o(-9). Let u = g - -487. Calculate the remainder when u is divided by 21.
12
Suppose 0 = -5*f + 5*w + 75, -4*f + f + 45 = 5*w. What is the remainder when 110 is divided by f?
5
Let z be (49 + (-15)/5)/2. Suppose -15*x = -z*x + 288. Calculate the remainder when x is divided by 9.
0
Suppose -3*s = -4*u + 2*s - 12, u + 3*s = 14. Calculate the remainder when (22/(-8) + u)*1128/(-6) is divided by 39.
24
Let v(r) = r**2 + r - 1. Let k(c) = -c**2 - 3*c + 5. Let y(u) = k(u) + 5*v(u). Calculate the remainder when 72 + 10/(-40)*-16 is divided by y(2).
16
What is the remainder when 219 is divided by 30/(-15 - -9) - (-1 - -169)/(-3)?
15
Calculate the remainder when 2339 is divided by -7 + 13*7*(-6)/(-7).
67
Let k(v) = 23 + 16 + v**2 - 24*v - 3 + 16. Let f be k(22). Suppose 0*x = f*x - 88. Calculate the remainder when x is divided by 11.
0
Let j = 5033 - 4927. Calculate the remainder when j is divided by 102.
4
Suppose 2*r + 14 = 62. Calculate the remainder when 474 is divided by r.
18
Let j = -6 + 9. Suppose j*g + g - 56 = 0. Let t = 1512 + -1445. What is the remainder when t is divided by g?
11
Let g be 100/15 - 1/(-3). Let u(c) = 9 - 9 + 15 + 6*c - 2*c. Calculate the remainder when u(g) is divided by 23.
20
Let i be (-1 - -3)*(-138)/(-12). Let c(f) = -f**2 - 2*f + 3. Let w be c(-5). Let j = i + w. Calculate the remainder when 84 is divided by j.
7
Suppose 47*y - 2*l = 52*y - 3660, 1465 = 2*y + l. What is the remainder when y is divided by 147?
142
Suppose 604 + 670 = 26*o. Let y = 196 + -101. Calculate the remainder when y is divided by o.
46
Suppose 0 = -4*u - 4*u + 9*u. Suppose u = -7*h + 556 + 333. Calculate the remainder when h is divided by 26.
23
Suppose 97*o - 51*o = 20976. What is the remainder when o is divided by 14?
8
Let x = -7193 - -7278. Calculate the remainder when 1698 is divided by x.
83
Let x be (-26)/8 + 3 + 930/8. Let p = -44 + x. Suppose -530*n = -527*n - 114. Calculate the remainder when p is divided by n.
34
Let g(v) = -4*v**3 - 8*v**2 - 3*v + 2. Calculate the remainder when g(-3) is divided by 56/5 - (-6)/(-30).
3
Let r be (-2)/(-5 + 44/8). Let n(k) = 42*k + 85. Let z(v) = -14*v - 29. Let p(q) = -3*n(q) - 8*z(q). Calculate the remainder when 64 is divided by p(r).
31
Let g be 1 + -3 - -5 - -2. Let f be 16208/100 + (-34)/425. Suppose 2*h + f = g*h. Calculate the remainder when h is divided by 8.
6
Suppose -69*f + 29676 = -13035. Suppose 597 - f = -2*n. What is the remainder when 128 is divided by n?
7
Let w = 15 - 76. Let o = -12 - w. Suppose -o = -d - 3*a, -6*a + 59 = d - a. Calculate the remainder when d is divided by 4.
2
Let h(c) = 459*c**2 + 9*c + 15. What is the remainder when h(4) is divided by 27?
24
Suppose 2*v - c + 14 = -3*v, -5*v = 4*c - 6. Calculate the remainder when 39 is divided by v*(-63)/4*(-2)/(-3).
18
Suppose -70*b + 3192179 - 338209 = 0. Calculate the remainder when b is divided by 38.
35
Let f(r) = r**2 + 44*r + 171. Let k be f(-40). Suppose a - 279 = k*x - 14*x, -179 = -2*x - 3*a. Calculate the remainder when x is divided by 26.
16
Suppose -32*p + 60218 = 21210. Calculate the remainder when p is divided by 49.
43
Suppose 0 = 8042*v - 8036*v - 1602. Let r = 59 - 29. Calculate the remainder when v is divided by r.
27
Let c(m) = -11*m**2 + 35*m - 16. Let p(l) = -5*l**2 + 17*l - 7. Let o(h) = -6*c(h) + 13*p(h). Calculate the remainder when 288 is divided by o(-12).
16
Suppose 135*d - 99*d - 553 - 275 = 0. Calculate the remainder when 1118 is divided by d.
14
Suppose 3*s = -3*l + 42, 226*l = 231*l + 4*s - 68. What is the remainder when 5145 is divided by l?
9
Let z = -205 - -225. Suppose z*u - 60 = 100. Suppose -87 + 25 = -3*x - b, -9 = -x + 2*b. Calculate the remainder when x is divided by u.
3
Let v = -4 - -17. Let x be (-7)/(42/3)*(1 - 73). What is the remainder when ((-4)/(-6))/((-40)/(-105))*x is divided by v?
11
Suppose d = 4*d - 9. Suppose -2*l + d*a + 96 = 0, -4*l - 3*a + 29 = -199. What is the remainder when l is divided by 26?
2
Let v = 25692 - 25575. Suppose -80 = -4*p + 2*p. What is the remainder when v is divided by p?
37
Let r be -29 + 0/(-4 + 5). Let f = r - -37. Suppose -29*t + 23*t = -510. What is the remainder when t is divided by f?
5
Let t = 8301 - 8065. Calculate the remainder when t is divided by 30.
26
Calculate the remainder when 882 is divided by (18 - (-21 - 17)) + 15.
30
Suppose -336*d + 299*d = -17538. Calculate the remainder when d is divided by 3.
0
Let o(m) = -m**2 + 75*m + 85. Calculate the remainder when 219 is divided by o(76).
3
Let r = 7 - 1. Suppose 5*a + 2 = r*a. Suppose 0 = -4*k - a*j + 50, -j - 32 = -2*k - 9. What is the remainder when k is divided by 5?
2
Let z(b) = b**2 + 6*b. Let k be z(-4). Let v(t) = -t**3 - 6*t**2 + 13*t - 9. Calculate the remainder when 72 is divided by v(k).
12
Let s(u) = 2*u - 46. Let q(o) = o - 2. Let y(w) = 10*q(w) - s(w). What is the remainder when y(8) is divided by 23?
21
Let g(q) = 37*q**3 - q**2 - 92*q + 608. What is the remainder when g(6) is divided by 12?
8
Suppose -o = 3*f + 2*f + 1495, -4*f = -5*o + 1196. Let r = f + 385. Calculate the remainder when r is divided by 15.
11
Suppose -39*m + 35*m - 13750 = -54*m. Calculate the remainder when m is divided by 201.
74
Suppose 3*u + 711 = 6*u. Let x(w) = 16*w**2 - 2*w - 3. What is the remainder when u is divided by x(-1)?
12
Let z = 54 - 50. Suppose 0 = 5*b - b + z*s + 4, b = 5*s + 29. Calculate the remainder when 14 is divided by b.
2
Suppose -o + 272 = 4*v, 0 = 2*v - 63 + 49. What is the remainder when 17565 is divided by o?
241
Let a(k) = -83*k + 119. Let h be a(3). Let c be (-3 + 1)*(-41)/2. Let w = c - h. What is the remainder when w is divided by 43?
42
Let g be ((-86)/5)/(3 - (-17)/(-5)). Suppose 2*s = -7*u + 6*u + 49, 4*s + g = u. What is the remainder when 182 is divided by u?
41
Let q = -5 + 6. Let x(g) = 20*g**2 - g. What is the remainder when 1/(0 + (-4)/(-140)) is divided by x(q)?
16
Suppose -12*h = -470 - 159 - 1159. Calculate the remainder when 166 is divided by h.
17
Let d = -1728 + 2099. Calculate the remainder when d is divided by 109.
44
Suppose j - 82 = -0*j + 4*c, -2*j + 148 = -4*c. What is the remainder when 181 is divided by j?
49
Let n(t) = t**3 - 8*t**2 + 13*t - 8. Let k be n(9). Let j = 449 - k. Suppose 5*i - j = 111. What is the remainder when i is divided by 38?
36
Suppose 0*r - r + 5*r = 0. Suppose r = -v + 5*v - 168. Suppose 2*c = -c + v. What is the remainder when 31 is divided by c?
3
Let f(t) = 16*t - 78*t + 9258*t**2 - 26 + 2*t - 9262*t**2. What is the remainder when 106 is divided by f(-14)?
16
Let a be 1038/(-21) - 1*(-8)/(-14). What is the remainder when 43 is divided by a/(-4) - (-18)/(-12)?
10
Let s be 376*(-7)/((-70)/(-15)). Let q = -546 - s. Calculate the remainder when 267 is divided by q.
15
Let v(k) = k**2 + 3*k - 6. Let s be (((-5)/(-5))/(-3) + -1)*174. Let r = -185 - s. What is the remainder when r is divided by v(-6)?
11
Let t(h) = -211*h + 4. Let w be t(-1). Suppose -6